 is divided by r.
11
Let n = 129 + 15. What is the remainder when (-1)/(n/(-140) - -1) is divided by ((-4)/10)/(2/(-60))?
11
Let z(s) = 4*s**2 + 26*s - 10. Calculate the remainder when 17 is divided by z(-7).
1
Let t be ((-2)/4)/((-3)/60). Suppose -4*v = -5*x - 16, -1 + 5 = v + x. Calculate the remainder when 33 is divided by t - -1*v/2.
9
Suppose 4*k = -11*k - 30. Calculate the remainder when 5 is divided by 8/(48/(-9))*k.
2
Let y(r) = -3*r**2 + 3*r + 12. Let n(f) = -2*f**2 + 2*f + 11. Let t(q) = 4*n(q) - 3*y(q). What is the remainder when t(-6) is divided by 13?
11
Let q be ((-54)/15)/(2/(-5)). Suppose -7*l = -2*l, q = t + 4*l. Calculate the remainder when -1*3 + t + -2 is divided by 2.
0
Let o(t) = -16 - 15 + 75 + 7*t. What is the remainder when o(9) is divided by 29?
20
Let z = 4 - 1. Let s(d) = 6*d**3 + d**2 - 5*d**3 + z + 8*d**2. What is the remainder when s(-8) is divided by 17?
16
Let f be (-41)/2*-2 + 4. Let h = f + -15. What is the remainder when h is divided by 11?
8
Let g be (234/(-27))/(58/(-54) + 1). Suppose g*u - 26 = 115*u. Calculate the remainder when u is divided by 7.
6
Let r = 512 - 446. What is the remainder when 195 is divided by r?
63
Let m be 4 + 78/9*3. Let t = 39 - m. Calculate the remainder when t is divided by (3 - 6)*(-2)/3.
1
Suppose 3*j - 306 = 3*x, -2*j = 5*x + 2 - 206. Calculate the remainder when j is divided by 474 - 450 - 6/4*-2.
21
Suppose -4*u = 4*y - 144, 4 = -5*y - 16. Calculate the remainder when u is divided by -26*(-3)/6 - -1.
12
Let u = 835 - 645. Calculate the remainder when u is divided by 48.
46
Suppose 0 = -12*j + 17*j + 3*w - 130, -3*j + 2*w + 59 = 0. Calculate the remainder when 112 is divided by j.
20
Suppose -t = -10 - 29. Let p = -10 - -7. What is the remainder when 21 is divided by (p - -8)*t/15?
8
Let r = -695 + 704. What is the remainder when 141 is divided by r?
6
Suppose -146 = -3*l - m, -7*l + 2*l + 246 = -m. What is the remainder when l is divided by 4?
1
Let z(g) = 6*g - 16. Calculate the remainder when z(7) is divided by 25.
1
Let y(b) = 2*b - b**3 + 9*b**2 - 3*b**2 + 2*b**3 - 8*b**2. What is the remainder when 18 is divided by y(2)?
2
Let s(w) = -w**3 + 12*w**2 + 3. Let b be s(12). Calculate the remainder when ((-1)/b)/(0 + -1)*27 is divided by 5.
4
Let x(n) = n**2 + 19*n + 25. What is the remainder when 299 is divided by x(-19)?
24
Suppose -4*r - 2*n + 55 = r, 0 = 5*n. What is the remainder when r is divided by 60/14 + 4/(-14)?
3
Let w(i) = -22*i + 1. Suppose 3*t - 63 = -3*a, -4*a - t + 106 - 13 = 0. What is the remainder when w(-3) is divided by a?
19
Let g(s) = -149*s - 13. Calculate the remainder when g(-2) is divided by 12.
9
Let w(b) = -3 + 1 + 4 - 7 + 6*b. Let o be w(12). Suppose 0 = 3*i - 5 - o. Calculate the remainder when 70 is divided by i.
22
Let h be 1*33*(-2)/6. Let s(q) = q**2 + 7*q - 2. What is the remainder when s(h) is divided by 11?
9
Let q = -48 + 89. Suppose 0 = -4*r - 3*a + 79, -4*r + 41 = -2*r + a. What is the remainder when q is divided by r?
19
Let d(b) = -b + 7. Let v be d(4). Suppose -f = -2, -v*g = -4*g - f. What is the remainder when (-8 + g)/(4/(-10)) is divided by 13?
12
Let i(z) = -z**2 - 15*z - 11. Let t be i(-14). Suppose j = t*x - 33, 3*j - 39 = -3*x + 2*j. Suppose 19 = u - 15. Calculate the remainder when u is divided by x.
10
Suppose -k = -3*b + 6*b - 54, -b + 2 = -5*k. Suppose -2*x = 5*l - 0*x - 19, -b = -4*l - x. What is the remainder when 7 is divided by l?
2
Let f(d) = -48*d + 940. Calculate the remainder when 276 is divided by f(19).
24
Suppose 8*m - 54 = 3*m + 3*n, 0 = 3*n + 9. Suppose 0 = -u - 2*v + m + 20, -2*v + 146 = 4*u. Calculate the remainder when u is divided by 5.
4
Suppose 0 = k - 2*t - 1367, 4*t - 1 + 21 = 0. Calculate the remainder when k is divided by 85.
82
Suppose -28*u = -32*u + 140. Calculate the remainder when 136 is divided by u.
31
Suppose 4*b - 9*b = 20. Let l be 94*(-1 - 1)/b. Let u = l + 0. Calculate the remainder when u is divided by 25.
22
Let a = -539 - -601. Calculate the remainder when 145 is divided by a.
21
Let r(b) = 6*b - 2. What is the remainder when r(3) is divided by (1 - 3) + (-2 - -9)?
1
What is the remainder when 303 is divided by ((23/(-2))/1)/((-39)/156)?
27
Let l = 11 + -9. Suppose -v + 336 = 5*q, 1392 = -l*v + 6*v + 4*q. Suppose -132 = 3*i - v. Calculate the remainder when i is divided by 19.
16
Let j(g) = 4*g**2 + 3*g + 2. Suppose 4*h - 6 + 14 = 0. Calculate the remainder when j(h) is divided by 3.
0
Suppose -4*d + 231 = v, -d + 3*d = 2*v - 412. Calculate the remainder when v is divided by 72.
67
Let s = -2221 - -2296. Suppose 2*i = -4*h - 24, -2*i + 26 - 5 = -5*h. Calculate the remainder when s is divided by 2*(-1)/i - -18.
18
Let l(p) = -p**3 + 8*p**2 - 7*p - 12. Let r be l(6). Suppose -6 + r = 4*n. What is the remainder when 4 is divided by n?
1
Let q(w) = 48*w - 275. What is the remainder when q(16) is divided by 33?
31
Let d = 1909 - 1181. Calculate the remainder when d is divided by 43.
40
Let g = -23 - -23. Suppose 0 = -5*r + m + 6, -8*r + 3*r - 2*m + 18 = g. What is the remainder when r is divided by -3 + 3 + (0 - -1)?
0
Let l = 17 - 14. Suppose -3*p = -0*p + 2*z - 7, -3*p + 3 = 3*z. Let k(a) = a**2 - 4*a - 1. Calculate the remainder when k(p) is divided by l.
1
Let k(w) = -w**3 + 10*w**2 - 8*w - 1. Let l be k(6). Suppose -l = -4*f - f. What is the remainder when (-2)/(-6) + (-1870)/(-51) is divided by f?
18
Let m = 8 + -2. Suppose 0 = -4*k - 4*q - 121 - 7, -1 = -q. Let h = k - -48. What is the remainder when h is divided by m?
3
Calculate the remainder when 225 is divided by 5 + 2 - (-1)/(2/386).
25
Suppose 28 + 91 = 7*t. Calculate the remainder when 524 is divided by t.
14
Suppose -11*b + 50*b = 14703. Calculate the remainder when b is divided by 21.
20
Suppose 0*q + 4*q = 928. Suppose 679*a - 673*a = 282. What is the remainder when q is divided by a?
44
Let u(i) = 563*i**3 + 4*i - 6. Calculate the remainder when u(1) is divided by 95.
86
Let c be -1 + (-4 - -4*6). Suppose -c + 49 = 3*l. What is the remainder when 38 is divided by l?
8
Suppose 300 = w + 133. What is the remainder when w is divided by 75?
17
Suppose 0 = 49*h - 18*h - 992. What is the remainder when 154 is divided by h?
26
Let j = -14 + 50. Suppose 0*d - 6*d = -j. Let w(v) = v**3 - 5*v**2 - 4*v - 1. Calculate the remainder when w(d) is divided by 4.
3
Let q = -5 + 47. Calculate the remainder when 86 is divided by q.
2
Let d = 18 + 299. What is the remainder when d is divided by 40?
37
Suppose -3*l = 3*q - 11 - 1, -14 = -2*q + l. Calculate the remainder when 46 is divided by q.
4
Let r(x) = 2*x**3 - 4*x**2 + 2*x. Let i be r(2). Suppose 2*l - 2*j + 4*j = 18, j - 45 = -i*l. Calculate the remainder when -2 + 20 + 4 + -1 is divided by l.
9
What is the remainder when 130 is divided by (1/(-2))/((-24)/912)?
16
Suppose -v + 17 + 6 = 0. Suppose -4*a - 12 = 0, -4*h + v = -3*h - 5*a. Calculate the remainder when (4 + (-14)/3)/(4/(-186)) is divided by h.
7
Let k(r) = r**3 - 15*r**2 + 16*r + 66. Calculate the remainder when k(14) is divided by 13.
3
Let u(n) = 37*n**2 + 2*n + 1. Let l(y) = 2*y**3 - 10*y**2 + 5*y - 12. What is the remainder when u(-1) is divided by l(5)?
10
Suppose 26 = -g + 28. Suppose 6*h - 100 = g*h. What is the remainder when 40 is divided by h?
15
Suppose -316 = -3*r + r. What is the remainder when r is divided by 7?
4
Let w(u) be the second derivative of -2*u**3/3 + 47*u**2/2 + 3*u. What is the remainder when w(-12) is divided by 20?
15
Let q(d) = d**3 + 16*d**2 - 17*d + 7. Let b be (-4)/((-8)/6) + -5 + -15. Calculate the remainder when 23 is divided by q(b).
2
Calculate the remainder when 341 is divided by (-2 - -3)/(510/(-258) - -2).
40
Suppose -5*o + 5*k + 25 + 145 = 0, -5 = -k. Let g = 55 - o. What is the remainder when 24 is divided by g?
8
Let a = 610 - 599. Calculate the remainder when 64 is divided by a.
9
Suppose -5*d - 240 + 40 = 0. Let b = d - -59. Suppose -9*t + 324 = -342. Calculate the remainder when t is divided by b.
17
Let k(a) = -12*a**2 - a + 20. Let g be k(-4). Let n = g + 178. Let t(y) = -2*y**3 - 3*y**2 - 4*y. Calculate the remainder when t(-3) is divided by n.
9
Suppose -2*c = 3*c - 400. Suppose p - c = -3*p. Let f(q) = -q**3 + 11*q**2 - 21*q + 32. What is the remainder when f(5) is div